- 3 = -3*o. Suppose 4*k = -8, o*v - 14 = -0*v + 4*k. What is the units digit of 3 - ((-62)/v - 1)?
5
Suppose 512 = t - 510. What is the units digit of t?
2
Suppose 0*g - 15 = -z - 3*g, -4*z + 38 = g. Suppose -l = -z - 12. What is the units digit of l?
1
Let y = 216 - 325. Let h = 184 + y. Suppose -3*p = 9 - h. What is the tens digit of p?
2
Let i(v) = v**3 + 9*v**2 - 9*v + 10. Let l be i(-10). Suppose l = u + 5*u - 396. What is the units digit of u?
6
Let s(v) = -2*v**3 + 17*v**2 + 13*v - 3. What is the hundreds digit of s(5)?
2
Let r(w) = 5*w - 2. Let p be r(6). What is the units digit of ((-6447)/p)/(6/(-8))?
7
Suppose 8*m = -m + 7128. What is the units digit of m?
2
Let l(b) be the first derivative of 3*b**2 + 6*b + 3. Let x = 9 + -2. What is the units digit of l(x)?
8
Suppose 5*l - 3716 = 3109. Suppose -6*d - 123 = -l. What is the units digit of d?
7
Let j be 12/(-10)*(-60)/36. Suppose 5*t = j*t + 84. What is the units digit of t?
8
Let o = 24 + -42. Let q = 11 + o. Let d = q + 14. What is the units digit of d?
7
Let t = -1712 - -2995. What is the hundreds digit of t?
2
Suppose 2*s - 8 = -s + 2*y, y = -4*s + 18. Suppose -10 = -9*x + s*x. Let h = 11 + x. What is the tens digit of h?
1
Let z(n) = -2*n**3 - 10*n**2 + n + 3. Let o be z(-6). Suppose 2*y - 329 = -o. What is the units digit of y?
0
Let j be ((-6)/(-5))/(11/(-165)). Let b be (-2)/9 - 40/j. What is the units digit of (-4)/b + 6 - -3?
7
Suppose -1021 = 10*h - 4911. What is the hundreds digit of h?
3
Suppose 8*w = 4*w + 8. Suppose m - 10 = -w*k, 3*m + 2 = 5*k - 1. Suppose 43 = m*z - 2*b - 11, 3*b = 2*z - 17. What is the tens digit of z?
1
Suppose 0 = -3*h - 49 + 1. Let v = 30 - h. What is the tens digit of v?
4
Suppose 425 = 4*j - 335. What is the units digit of 13 + j + 5*-1?
8
Let x be (-8)/(64/252)*30/9. What is the units digit of 14/x + (-1054)/(-30)?
5
Let b = 17 - 9. Let v be (-62)/(-8) - (-2)/b. Suppose -3*m + v*m - 90 = 0. What is the tens digit of m?
1
Let c = -37 - -28. What is the tens digit of (3/c)/(6/(-1656))?
9
Let t = -53 - -152. What is the units digit of t?
9
Let m be (-88)/15 - 12/90. Let k = m + 2. What is the tens digit of (-216)/(-16) - (-2)/k?
1
Let u = -650 - -937. What is the tens digit of u?
8
Let x(l) = -l**3 + l**2 + 6*l + 5. Let z(d) = -d + 4. Let a be z(9). Let u be x(a). Suppose -u = -2*f - 3*f. What is the units digit of f?
5
Suppose -4*i = 56 - 12. What is the units digit of (-10)/(-55) - 53/i?
5
Suppose -5*c - 15 = 5*d, -5*d + 13 = -c - 8*d. Suppose 4*z - 424 = -2*a - 2*a, 0 = -a + c*z + 118. What is the tens digit of a?
1
Let m(k) be the third derivative of k**5/30 - k**4/12 + 2*k**3/3 + 30*k**2. What is the hundreds digit of m(11)?
2
Let x(t) = -66*t - 22. What is the units digit of x(-5)?
8
Suppose 0 = -13*z + 1370 + 1230. What is the hundreds digit of z?
2
Let w(k) = 28*k**3 + 3*k**2 + 7*k - 17. What is the tens digit of w(3)?
8
Let q = -70 - -70. Suppose q*p = 6*p - 732. What is the hundreds digit of p?
1
Let c = -147 - -398. What is the units digit of c?
1
Let z(c) = 3*c**3 + 14*c**2 + 4*c + 2. Let l be z(-8). Let s = -415 - l. What is the hundreds digit of s?
2
Let m(f) be the first derivative of -f**4/4 - 7*f**3/3 - f + 5. What is the units digit of m(-8)?
3
Suppose -9*h + 3703 = -3110. Suppose -2*u = -4*k - 313 + 1309, -4*u - h = -3*k. What is the tens digit of k?
4
Let f = -238 + 257. What is the tens digit of f?
1
Suppose -14 = -z - 4. Suppose -24 = 5*q + a + 26, -5*a + z = -q. What is the units digit of (6/q)/(3/(-105))?
1
Let j(g) = 2*g**3 + g**2 - 12*g + 11. Let b be j(5). Suppose -u + b = -19. What is the hundreds digit of u?
2
Let m = -34 - -16. Let i(k) be the second derivative of k**4/12 + 5*k**3/2 - 7*k**2 - 4*k + 33. What is the tens digit of i(m)?
4
What is the hundreds digit of 4 + (-7)/(28/(-1580))?
3
Suppose -3*m + 3*g + 24 = 0, -2*m - 7 = -m + 2*g. What is the units digit of 0 + 1 - 23*-6 - m?
6
Suppose 2*c = 12 - 2. Suppose 4*z + 41 = c*z. Suppose -15 + z = 2*i. What is the units digit of i?
3
Let n = -3933 + 6855. What is the units digit of n?
2
Let i(o) = 8*o - 4. Let q be i(9). Let h = 113 - q. Suppose j = -2*j + h. What is the tens digit of j?
1
Let a(k) = k**2 - k - 57. Let q be a(0). Let d = q - -109. What is the units digit of d?
2
Let f = -52 + 51. What is the units digit of (-172)/(-5) + 14/35*f?
4
Suppose -514 = -2*k + 2*w, 509 = 2*k - 4*w + 3*w. Let c = -140 + k. What is the hundreds digit of c?
1
Let h(b) = b**3 + 62*b**2 + 26*b - 160. What is the hundreds digit of h(-60)?
4
What is the tens digit of (-2)/(-7) + 107946/126?
5
Suppose -9*p + 27 = -9. Suppose h + 3*k - 48 = 0, p*h - 153 = -2*k + 3*k. What is the units digit of h?
9
Let u = 3160 + 75. What is the tens digit of u?
3
Suppose -s + 70 + 43 = 0. What is the hundreds digit of s?
1
Suppose v - 178 = -2*s, 0 = -3*v + s + s + 542. What is the units digit of v?
0
Suppose 0 = 2*f - h - 3927, -11*f + 2*h = -6*f - 9817. What is the thousands digit of f?
1
Suppose 10 = 4*u + 2*v, v - 7 = -3*u + 1. Suppose 0 = u*d - 2*m - 211, 2*m = -10*d + 5*d + 341. What is the tens digit of d?
6
Let w(m) = 3*m**2 + m + 4. Let r be w(-2). Let s = 67 - r. What is the units digit of s?
3
Suppose -2*n - n = -4*h + 1765, -5*h + 2200 = -5*n. What is the hundreds digit of h?
4
Let h(c) = 11*c**2 - 3*c + 9. Let m be h(3). Let k = -44 + m. What is the tens digit of k?
5
What is the units digit of (-5)/(-25) + (-974)/(-5)?
5
Let f(z) = 19*z - 7. Let b be f(9). Let i be 8/4 - (1 - b). Suppose -y + i = 4*y. What is the units digit of y?
3
Suppose 2*r - 342 = f, -r - 2*f - 32 = -193. What is the hundreds digit of r?
1
Let i(l) = 30*l - 41. What is the hundreds digit of i(22)?
6
Let h(j) be the first derivative of 1/4*j**4 - 3 - 2*j**2 + 2*j**3 - 7*j. What is the units digit of h(-6)?
7
Let v(y) = 22*y**2 - 11*y + 51. What is the units digit of v(4)?
9
Suppose -17*a + 3823 = -3334. What is the units digit of a?
1
Let c = -331 - -203. Let a = c - -58. Let x = -18 - a. What is the tens digit of x?
5
Suppose 46 + 18 = -2*x. Let q = -28 - x. What is the units digit of q?
4
Let m(r) = r**3 + 11*r**2 + 8*r + 16. What is the tens digit of m(-7)?
5
Let d(s) = -5*s + 143. Let m be d(0). Suppose 4*g - 749 = m. What is the units digit of g?
3
Suppose -x - 10 + 14 = 0. Suppose -x*i + 4 = -12. Suppose -h - 21 = -i*h. What is the units digit of h?
7
Let k = -260 + 608. What is the units digit of k?
8
Let w(h) = -13 + h + 13. Let r be w(4). Suppose 4*d + a - 92 = -a, -r = a. What is the tens digit of d?
2
Let i = 107 + -107. Suppose i = 6*d - 527 - 685. What is the units digit of d?
2
Suppose -3*d + 3*p + 10161 = 0, -9*d - p + 31274 = 771. What is the units digit of d?
9
Suppose 10*y - 1521 = 7*y. What is the tens digit of y?
0
Suppose 0*b = b - 3*b. Suppose -4*s = 3*t - 37, s = -2*t - b*s + 18. What is the units digit of t?
7
Let v be (0 - -2) + (11 - 8). Let h be v + -5 - (5 - 0). What is the units digit of h/((-20)/104) - 1?
5
Let q be (195/6)/(1/(-2)). Let o be (-11)/(-13) + (-10)/q. What is the tens digit of -3 + (o - 1) + 34?
3
Let l(p) = -3*p + 25. Let v be l(5). What is the tens digit of 6/v - (-1605)/75?
2
Let n be -2 + (-1)/((-250)/83 - -3). Let k = -23 - -43. Suppose -2*b - k + n = 3*w, -2*w + 40 = 2*b. What is the units digit of w?
1
Let j = 11 - 9. Let l = -82 + 85. Suppose 0 = j*y - 3*f - 127 - 10, 0 = -f - l. What is the tens digit of y?
6
Let g be (20/(-3))/(8/(-252)). Suppose 3*r + g = r. What is the units digit of (r/(-20))/(3/8)?
4
Suppose -4*j + 801 = c, -j = c - 944 + 158. What is the hundreds digit of c?
7
Let a(n) = 10*n - 19. Let l = 1 + 5. What is the units digit of a(l)?
1
Let c(m) be the third derivative of -m**4/12 - 2*m**3/3 - 8*m**2. Let f be c(-3). What is the tens digit of f + -1*(-15 - -2)?
1
Let i = 386 - -357. What is the tens digit of i?
4
Suppose -8*i + 3*i = -10. Suppose -i*w - 2*w = -228. What is the tens digit of w?
5
Let s = 7824 - 5077. What is the units digit of s?
7
Let n(o) = 39*o**2 + 2*o - 57. What is the units digit of n(5)?
8
Suppose 5*u - 5*n = 1950, n + 118 + 664 = 2*u. What is the units digit of u?
2
Let a(m) = 87*m - 56. What is the hundreds digit of a(13)?
0
Suppose 17*v - 21*v - 2*u + 5622 = 0, -2*u - 4199 = -3*v. What is the tens digit of v?
0
Su